2*w + 5. Let h(i) = i**2 + 4*i - 160. Let b be h(11). Calculate v(b).
-5
Let b(z) = -1 - 12*z - 2*z + 3*z**3 + 12*z. What is b(-1)?
-2
Let v be -8 + 13 - 1/(2/10). Let t be (-65)/(-15) - (-2)/(-6). Let i(y) = 0*y - y + t*y**2 - 2*y**2 + 7 - 3*y**2. Determine i(v).
7
Let k(s) = 3*s**2 - 5*s**2 + 2 + 4*s - s**2 + 5*s**2. Determine k(-2).
2
Suppose 3*p + 24 = 2*y, 4*p + 90 = -3*y + 75. Let n(q) = -2*q**3 - 12*q**2 - 7. Give n(p).
-7
Suppose 2*s - 8 - 4 = 0. Let k(d) = 1034*d - 516*d + 2 - 519*d. Determine k(s).
-4
Let p(a) = -a**2 - 11*a + 3. Let k(r) = -6*r**3 - 6*r**2 + 7*r - 1. Let o be k(1). Let x be (-82)/7 + o/21. Give p(x).
-9
Let n(r) = -10*r - 9. Let k(a) = -13*a - 10. Let x(j) = -3*k(j) + 4*n(j). Let u be (1 - 9)*(-1)/(-2). Give x(u).
-2
Suppose 3*l - 16 = 2. Let j(g) = 0*g - 3*g - g + l*g. Give j(1).
2
Let o(r) be the second derivative of -19*r**5/10 - r**3/6 - 2*r + 22. Determine o(1).
-39
Let p(u) = 5*u**2 - 4*u + 2. Suppose 86 = -2*x - 62. Let g = 76 + x. What is p(g)?
14
Let y = 62 + -64. Let a(f) = 3*f + 1. Let t(h) = 2*h + 1. Let d(j) = 3*a(j) - 6*t(j). What is d(y)?
3
Let h(d) be the first derivative of -21*d**2/2 + 9*d + 3. Let q(x) = 5*x - 2. Let b(t) = 2*h(t) + 9*q(t). Determine b(-3).
-9
Let x(m) be the second derivative of 2*m**2 - 6*m + 1/12*m**4 + 0 - 2/3*m**3. Determine x(3).
1
Suppose 3*g = 3*p, 2*g + 3*g = -5*p + 30. Let d be (153/15)/p - (-16)/(-40). Let f(x) = x**3 - 3*x**2 + x - 3. Determine f(d).
0
Suppose -4*f + 6*f = 0. Suppose f = 4*a + 5*a - 54. Let i(v) = -v + 1. Let b(g) = 7*g - 13. Let j(h) = b(h) + 6*i(h). Give j(a).
-1
Suppose 2 = -2*p - 2*b, 5*b - 4*b = -4. Let v(s) be the first derivative of s**3/3 + 3*s**2/2 - 1192. What is v(p)?
18
Let d(t) = -27*t + 5. Let r(s) = -22*s + 3. Let x(v) = -3*d(v) + 4*r(v). Calculate x(-6).
39
Let h(g) = 5*g**3 + g**2 + 5*g - 15. Let w(j) = -j**2 - 16 + 6*j - 2*j**2 + 4*j**3 + 4*j**2 + 2*j**3. Let y(p) = 7*h(p) - 6*w(p). Determine y(0).
-9
Let g(j) = -7*j**3 - 11*j**2 + 43*j - 18. Let v(t) = -38*t**3 - 54*t**2 + 213*t - 90. Let f(z) = -11*g(z) + 2*v(z). Give f(-16).
2
Let k be (10/4)/((-30)/(-24)). Let q(v) = -2*v - 1. Calculate q(k).
-5
Let g(u) = u**2 + u. Let i(s) be the first derivative of -2*s**3 - s + 9. Let c(b) = -g(b) + i(b). Let q be 2 + -2 + 1 - 2. Give c(q).
-7
Let t(y) be the third derivative of -y**5/120 - 5*y**4/12 + 7*y**3/2 + 3*y**2. Let l(f) be the first derivative of t(f). Calculate l(-7).
-3
Let r(g) be the second derivative of g**5/20 - 13*g**4/12 + g**3/6 + g**2 + 10*g. What is r(13)?
15
Let p(t) = -t**2 + 10*t - 10. Suppose 0*d - 3*d = 3. Let q be ((-24)/(-18))/(d/(-6)). Give p(q).
6
Let t(w) = 2*w**3 + 2*w**2 - w. Suppose 0 = -505*m + 504*m + 2. Give t(m).
22
Let r(j) = -8*j - j**2 - 1 + 2*j - 5. Suppose 2*s = 4*w - 500, -4*w - s + 500 = 3*s. Let m = w - 130. Give r(m).
-1
Let u(k) = k**2 + k + 3. Suppose 0 = 38*t - 6*t - 96. Give u(t).
15
Let g(h) = -47*h - 8. Let j(a) = -20*a - 4. Let v(o) = -3*g(o) + 7*j(o). Determine v(-7).
-11
Let s(w) be the first derivative of -w**3/3 - 7*w + 133. Calculate s(0).
-7
Let x(r) be the third derivative of r**6/120 + r**5/10 - r**4/24 + 5*r**3/6 - 7*r**2. Let i be 8/10*45/(-6). Calculate x(i).
11
Let j = 164 - 164. Let n(i) = -i - 2. Determine n(j).
-2
Let p(g) be the first derivative of -g**2 + 1/4*g**4 - 5 + 4*g - g**3. Calculate p(4).
12
Let r = 383 + -382. Let m(u) = 33*u**3 + u**2 - u. Calculate m(r).
33
Let q(l) = 2 - 13 + 8 + 6 + 4*l**2 - 3*l. What is q(2)?
13
Let h(l) = l**3 - 7*l**2 + 8*l - 9. Let n = -26 + 26. Suppose -2*k + 4 = -g, -3*g - 4*k + 9*k - 7 = n. Determine h(g).
3
Let l be (-3)/(1 - (-25)/(-10)). Let o be (9/(-3) + l)*(1 + 4). Let p(r) = -r**2 - 5*r - 5. Calculate p(o).
-5
Let q(n) = n**2 + 7*n - 8. Let s(r) = 4*r**2 + 24*r - 16. Let b(m) = -2*m**2 - 12*m + 8. Let h(x) = 11*b(x) + 6*s(x). Let o be h(-6). What is q(o)?
0
Let n(x) = 13*x + 28*x**3 - 20*x**3 + 3 - 15*x**3. Let c(g) = -6*g**3 + g**2 + 12*g + 2. Let b(k) = 6*c(k) - 5*n(k). What is b(7)?
-3
Let j(s) = 7 + 5*s - 6 - 4*s - 3. Let h(l) = 2*l**2 + 3*l + 3. Let i be h(-2). What is j(i)?
3
Suppose 22*v - 58 = 8. Let j(q) be the third derivative of q**5/60 - q**3/2 - 12*q**2. Determine j(v).
6
Let l(c) = c + 6. Let a be 7/2 + (-9)/6. Let q = a - 7. Determine l(q).
1
Let b(r) be the second derivative of r**4/6 - r**3/3 + 2*r. Let g be (-39)/(-15) - (-1 - 8/(-5)). Determine b(g).
4
Let l(b) be the third derivative of -b**6/120 - b**5/10 - 5*b**4/24 + b**3/2 - 140*b**2. Let h = 3 + -7. Calculate l(h).
-9
Let m(u) = -2*u**3 - 6*u**2 - 5*u - 18. Let r(g) = -3*g**3 - 13*g**2 - 11*g - 37. Let c(b) = -5*m(b) + 3*r(b). What is c(10)?
-1
Let d be 440/198 + (-2)/9. Let k(y) be the first derivative of d + 2*y - 5/2*y**2. Calculate k(3).
-13
Let z(w) = 2*w**2 - 9*w + 16. Let h be z(4). Suppose 0 = 7*s - h*s + 10. Let f(c) = 2*c**2 - 3*c + 1. Determine f(s).
3
Let d(s) = s**3 - 2. Suppose -3*m - 23 = -4*r, r + r - 2*m - 14 = 0. Let l be d(r). Suppose -5 + l = -u. Let i(c) = 8*c**3 + c**2. Determine i(u).
-7
Suppose 46 = 2*x - 2*j, -x = -3*j - 0*j - 33. Let u(l) = -l**2 + 17*l + 8. What is u(x)?
-10
Let r(i) = -i**3 + 10*i**2 - 9*i + 7. Let p(q) = -4*q**3 + q. Let w be p(-1). Let u be 9*w*(-11)/(-33). Give r(u).
7
Let k(x) = x**3 - 13*x**2 - 229*x - 27. Let h be k(23). Let n(t) = 3*t**2 + 5*t + 2. Give n(h).
30
Let y(q) be the third derivative of -q**5/60 - 5*q**4/24 + q**3 - 2*q**2 + 8. What is y(-7)?
-8
Let u(v) = -5*v**2 + v - 2. Let t(i) be the second derivative of -3*i**2 + 2/3*i**3 + 0 + 7*i - 7/6*i**4. Let c(j) = -4*t(j) + 11*u(j). Calculate c(4).
-2
Let w(u) be the third derivative of 106*u**2 + 0*u + 1/15*u**5 + 0 - 1/120*u**6 - 5/6*u**3 - 1/24*u**4. Let v be ((-4)/3)/(-2)*6. What is w(v)?
-9
Let p be 4/10 + 54/(-10). Let g = 45 + -15. Let n(c) = -4 - 31*c - g*c + 0*c**2 + 59*c + 5*c**2 + c**3. What is n(p)?
6
Let f(l) be the first derivative of l**4/4 - 5*l**3/3 + l**2 + l + 695. Suppose c - 5*c + 16 = 0. What is f(c)?
-7
Let g(n) = 1 + 5*n - 7*n - n**2 - n. Let k be -4 + 3 + 4 + 3. Suppose 2*s + k = -0*s. Give g(s).
1
Let m(b) be the first derivative of b + 1/2*b**2 - 18 - 2/3*b**3. Calculate m(-1).
-2
Let n(h) be the third derivative of h**6/120 + 3*h**5/20 - 37*h**4/24 - 5*h**3/2 + 36*h**2 + 9*h. What is n(-12)?
-3
Let x(o) = 7*o**2 - 19*o**2 + 30*o - 24*o + 1 + 11*o**2. What is x(5)?
6
Suppose 3*a = 2*a + 5*o + 7, 3*o = 2*a + 21. Let i(n) = n**3 + 18*n**2 - n - 18. Determine i(a).
0
Let z(d) be the third derivative of d**6/120 + 2*d**5/15 + d**4/2 + 7*d**3/6 - 71*d**2. Calculate z(-6).
7
Let f(z) = -z**3 - z**2 + z + 10. Let a be f(2). Let w(i) be the third derivative of 0*i - 1/24*i**4 + 1/3*i**3 + a - 6*i**2. What is w(2)?
0
Let i(b) = 3*b - 2. Let l be i(2). Let z(f) = f - 12. Let j be z(l). Let t(x) = x + 9. Determine t(j).
1
Let m = 35 - 34. Let l = 8 + -12. Let t be m*(16/l)/4. Let w(v) = -4*v - 1. Calculate w(t).
3
Suppose -2*c - 2*t = 2*t, -4*c = -3*t. Let r(p) = -4924*p**2 + 0 + p + 4925*p**2 - 9. What is r(c)?
-9
Let i(q) be the second derivative of q**4/12 + q**3/2 + q. Let m be (-224)/22 + (-14)/(-77). Let o be -12*(m/(-5))/6. Determine i(o).
4
Let v = -628 + 631. Let i(c) be the second derivative of 3/2*c**2 - 12*c + 0 + 1/6*c**v. Give i(4).
7
Let d = -7 - -16. Let l be (3 - 4)*(-7 + 5). Let y(w) = -d*w + l*w - 1 + 6*w. Calculate y(-5).
4
Let n(d) = -20*d**2 + 10*d**3 + 18*d**2 - 1 - 4*d + 2*d + 3*d**3. What is n(-1)?
-14
Let i(c) = c**3 + 2*c**2 + 3*c - 2. Let w be i(-2). Let k(l) = 3*l + 26. What is k(w)?
2
Let m(u) = -u - 1. Let b(k) = -1. Let y(q) = -1. Let h(x) = -x - 9. Let p be h(-4). Let a(j) = p*b(j) + 4*y(j). Let v(c) = -2*a(c) + m(c). What is v(-7)?
4
Let v be (-24 - -32)*(-2)/(-4). Suppose 0 = -f + v. Let c(r) = -r**2 + 3*r + 2. What is c(f)?
-2
Let c(j) = -3*j**3 + 3*j**2 + 7*j - 1. Let u(m) = m**3 - m**2 - 2*m. Let z(k) = -2*c(k) - 7*u(k). What is z(-3)?
38
Let s = 4 - 10. Let u = s + 1. Let d(w) be the first derivative of -w**2 - 2*w + 7. Determine d(u).
8
Let j(a) = a**2 + 11*a - 27. Let g be j(-13). Let x(t) = t. Determine x(g).
-1
Let y(g) = -g**3 - 8*g**2 + 8*g - 10. Suppose -24 = -p - 5*z, 0 = -p + 4*z - 3*z. Suppose 3 = -k - 3*j, -p*k + j + 0*j - 38 = 0. Determine y(k).
-1
Let h = -781 - -787. Let m(g